{"id":105,"date":"2023-12-17T11:31:48","date_gmt":"2023-12-17T10:31:48","guid":{"rendered":"https:\/\/lescalamb.ovh\/?page_id=105"},"modified":"2024-06-05T09:09:31","modified_gmt":"2024-06-05T07:09:31","slug":"public","status":"publish","type":"page","link":"https:\/\/lescalamb.ovh\/","title":{"rendered":"AMAPorte"},"content":{"rendered":"\n<div class=\"wp-block-media-text is-stacked-on-mobile\"><figure class=\"wp-block-media-text__media\"><img loading=\"lazy\" decoding=\"async\" width=\"1013\" height=\"760\" src=\"http:\/\/lescalamb.ovh\/wp-content\/uploads\/2024\/01\/20231205_amaporte_college_marche_noel.jpg\" alt=\"\" class=\"wp-image-181 size-full\" srcset=\"https:\/\/lescalamb.ovh\/wp-content\/uploads\/2024\/01\/20231205_amaporte_college_marche_noel.jpg 1013w, https:\/\/lescalamb.ovh\/wp-content\/uploads\/2024\/01\/20231205_amaporte_college_marche_noel-300x225.jpg 300w, https:\/\/lescalamb.ovh\/wp-content\/uploads\/2024\/01\/20231205_amaporte_college_marche_noel-768x576.jpg 768w, https:\/\/lescalamb.ovh\/wp-content\/uploads\/2024\/01\/20231205_amaporte_college_marche_noel-676x507.jpg 676w\" sizes=\"auto, (max-width: 1013px) 100vw, 1013px\" \/><\/figure><div class=\"wp-block-media-text__content\">\n<p>Bienvenue !<\/p>\n\n\n\n<p>Les distributions ont lieu le mardi de 18h30 \u00e0 19h30, derri\u00e8re le Pavillon d&#8217;Accueil du COSEC, avenue L\u00e9o Lagrange, Lambesc.<\/p>\n\n\n\n<p>Pensez \u00e0 vous inscrire sur le calendrier partag\u00e9 des permanences, accessible depuis la Rubrique <a href=\"https:\/\/lescalamb.ovh\/index.php\/wpbc-booking\/\" data-type=\"page\" data-id=\"19\">Inscription Distribution<\/a>.<\/p>\n<\/div><\/div>\n\n\n\n<p><\/p>\n\n\n\n<div class=\"wp-block-columns is-layout-flex wp-container-core-columns-is-layout-9d6595d7 wp-block-columns-is-layout-flex\">\n<div class=\"wp-block-column is-layout-flow wp-block-column-is-layout-flow\">\n<figure class=\"wp-block-embed is-type-wp-embed is-provider-amaporte wp-block-embed-amaporte\"><div class=\"wp-block-embed__wrapper\">\n<blockquote class=\"wp-embedded-content\" data-secret=\"knnjtIBbHL\"><a href=\"https:\/\/lescalamb.ovh\/index.php\/public\/qu-est-ce-qu-une-amap\/\">Qu&#8217;est-ce qu&#8217;une AMAP\u00a0?<\/a><\/blockquote><iframe loading=\"lazy\" class=\"wp-embedded-content\" sandbox=\"allow-scripts\" security=\"restricted\" style=\"position: absolute; clip: rect(1px, 1px, 1px, 1px);\" title=\"\u00ab\u00a0Qu&#8217;est-ce qu&#8217;une AMAP\u00a0?\u00a0\u00bb &#8212; AMAPorte\" src=\"https:\/\/lescalamb.ovh\/index.php\/public\/qu-est-ce-qu-une-amap\/embed\/#?secret=OiB1nSQ8ts#?secret=knnjtIBbHL\" data-secret=\"knnjtIBbHL\" width=\"600\" height=\"338\" frameborder=\"0\" marginwidth=\"0\" marginheight=\"0\" scrolling=\"no\"><\/iframe>\n<\/div><\/figure>\n<\/div>\n\n\n\n<div class=\"wp-block-column is-layout-flow wp-block-column-is-layout-flow\">\n<figure class=\"wp-block-embed is-type-wp-embed is-provider-amaporte wp-block-embed-amaporte\"><div class=\"wp-block-embed__wrapper\">\n<blockquote class=\"wp-embedded-content\" data-secret=\"TSPjontUfn\"><a href=\"https:\/\/lescalamb.ovh\/index.php\/public\/les-motivations-pour-s-inscrire-dans-une-amap\/\">Les motivations pour s&#8217;inscrire dans une AMAP<\/a><\/blockquote><iframe loading=\"lazy\" class=\"wp-embedded-content\" sandbox=\"allow-scripts\" security=\"restricted\" style=\"position: absolute; clip: rect(1px, 1px, 1px, 1px);\" title=\"\u00ab\u00a0Les motivations pour s&#8217;inscrire dans une AMAP\u00a0\u00bb &#8212; AMAPorte\" src=\"https:\/\/lescalamb.ovh\/index.php\/public\/les-motivations-pour-s-inscrire-dans-une-amap\/embed\/#?secret=8lYoepuumq#?secret=TSPjontUfn\" data-secret=\"TSPjontUfn\" width=\"600\" height=\"338\" frameborder=\"0\" marginwidth=\"0\" marginheight=\"0\" scrolling=\"no\"><\/iframe>\n<\/div><\/figure>\n<\/div>\n<\/div>\n","protected":false},"excerpt":{"rendered":"<p>Bienvenue ! Les distributions ont lieu le mardi de 18h30 \u00e0 19h30, derri\u00e8re le Pavillon d&#8217;Accueil du COSEC, avenue L\u00e9o Lagrange, Lambesc. Pensez \u00e0 vous inscrire sur le calendrier partag\u00e9 des permanences, accessible depuis la Rubrique Inscription Distribution.<\/p>\n","protected":false},"author":1,"featured_media":0,"parent":0,"menu_order":0,"comment_status":"closed","ping_status":"closed","template":"","meta":{"footnotes":""},"categories":[],"tags":[],"class_list":["post-105","page","type-page","status-publish","hentry"],"_links":{"self":[{"href":"https:\/\/lescalamb.ovh\/index.php\/wp-json\/wp\/v2\/pages\/105","targetHints":{"allow":["GET"]}}],"collection":[{"href":"https:\/\/lescalamb.ovh\/index.php\/wp-json\/wp\/v2\/pages"}],"about":[{"href":"https:\/\/lescalamb.ovh\/index.php\/wp-json\/wp\/v2\/types\/page"}],"author":[{"embeddable":true,"href":"https:\/\/lescalamb.ovh\/index.php\/wp-json\/wp\/v2\/users\/1"}],"replies":[{"embeddable":true,"href":"https:\/\/lescalamb.ovh\/index.php\/wp-json\/wp\/v2\/comments?post=105"}],"version-history":[{"count":19,"href":"https:\/\/lescalamb.ovh\/index.php\/wp-json\/wp\/v2\/pages\/105\/revisions"}],"predecessor-version":[{"id":2347,"href":"https:\/\/lescalamb.ovh\/index.php\/wp-json\/wp\/v2\/pages\/105\/revisions\/2347"}],"wp:attachment":[{"href":"https:\/\/lescalamb.ovh\/index.php\/wp-json\/wp\/v2\/media?parent=105"}],"wp:term":[{"taxonomy":"category","embeddable":true,"href":"https:\/\/lescalamb.ovh\/index.php\/wp-json\/wp\/v2\/categories?post=105"},{"taxonomy":"post_tag","embeddable":true,"href":"https:\/\/lescalamb.ovh\/index.php\/wp-json\/wp\/v2\/tags?post=105"}],"curies":[{"name":"wp","href":"https:\/\/api.w.org\/{rel}","templated":true}]}}

<div class="wp-block-media-text is-stacked-on-mobile"><figure class="wp-block-media-text__media"><img loading="lazy" decoding="async" width="1013" height="760" src="http://lescalamb.ovh/wp-content/uploads/2024/01/20231205_amaporte_college_marche_noel.jpg" alt="" class="wp-image-181 size-full" srcset="https://lescalamb.ovh/wp-content/uploads/2024/01/20231205_amaporte_college_marche_noel.jpg 1013w, https://lescalamb.ovh/wp-content/uploads/2024/01/20231205_amaporte_college_marche_noel-300x225.jpg 300w, https://lescalamb.ovh/wp-content/uploads/2024/01/20231205_amaporte_college_marche_noel-768x576.jpg 768w, https://lescalamb.ovh/wp-content/uploads/2024/01/20231205_amaporte_college_marche_noel-676x507.jpg 676w" sizes="auto, (max-width: 1013px) 100vw, 1013px" /></figure><div class="wp-block-media-text__content">
<p>Bienvenue !</p>



<p>Les distributions ont lieu le mardi de 18h30 à 19h30, derrière le Pavillon d&#8217;Accueil du COSEC, avenue Léo Lagrange, Lambesc.</p>



<p>Pensez à vous inscrire sur le calendrier partagé des permanences, accessible depuis la Rubrique <a href="https://lescalamb.ovh/index.php/wpbc-booking/" data-type="page" data-id="19">Inscription Distribution</a>.</p>
</div></div>



<p></p>



<div class="wp-block-columns is-layout-flex wp-container-core-columns-is-layout-9d6595d7 wp-block-columns-is-layout-flex">
<div class="wp-block-column is-layout-flow wp-block-column-is-layout-flow">
<figure class="wp-block-embed is-type-wp-embed is-provider-amaporte wp-block-embed-amaporte"><div class="wp-block-embed__wrapper">
<blockquote class="wp-embedded-content" data-secret="knnjtIBbHL"><a href="https://lescalamb.ovh/index.php/public/qu-est-ce-qu-une-amap/">Qu&#8217;est-ce qu&#8217;une AMAP ?</a></blockquote><iframe loading="lazy" class="wp-embedded-content" sandbox="allow-scripts" security="restricted" style="position: absolute; clip: rect(1px, 1px, 1px, 1px);" title="« Qu&#8217;est-ce qu&#8217;une AMAP ? » &#8212; AMAPorte" src="https://lescalamb.ovh/index.php/public/qu-est-ce-qu-une-amap/embed/#?secret=OiB1nSQ8ts#?secret=knnjtIBbHL" data-secret="knnjtIBbHL" width="600" height="338" frameborder="0" marginwidth="0" marginheight="0" scrolling="no"></iframe>
</div></figure>
</div>



<div class="wp-block-column is-layout-flow wp-block-column-is-layout-flow">
<figure class="wp-block-embed is-type-wp-embed is-provider-amaporte wp-block-embed-amaporte"><div class="wp-block-embed__wrapper">
<blockquote class="wp-embedded-content" data-secret="TSPjontUfn"><a href="https://lescalamb.ovh/index.php/public/les-motivations-pour-s-inscrire-dans-une-amap/">Les motivations pour s&#8217;inscrire dans une AMAP</a></blockquote><iframe loading="lazy" class="wp-embedded-content" sandbox="allow-scripts" security="restricted" style="position: absolute; clip: rect(1px, 1px, 1px, 1px);" title="« Les motivations pour s&#8217;inscrire dans une AMAP » &#8212; AMAPorte" src="https://lescalamb.ovh/index.php/public/les-motivations-pour-s-inscrire-dans-une-amap/embed/#?secret=8lYoepuumq#?secret=TSPjontUfn" data-secret="TSPjontUfn" width="600" height="338" frameborder="0" marginwidth="0" marginheight="0" scrolling="no"></iframe>
</div></figure>
</div>
</div>

<p>Bienvenue ! Les distributions ont lieu le mardi de 18h30 à 19h30, derrière le Pavillon d&#8217;Accueil du COSEC, avenue Léo Lagrange, Lambesc. Pensez à vous inscrire sur le calendrier partagé des permanences, accessible depuis la Rubrique Inscription Distribution.</p>
