{"id":1106,"date":"2024-01-23T11:26:01","date_gmt":"2024-01-23T10:26:01","guid":{"rendered":"https:\/\/lescalamb.ovh\/?page_id=1106"},"modified":"2024-02-18T21:55:29","modified_gmt":"2024-02-18T20:55:29","slug":"recettes-chou-kale","status":"publish","type":"page","link":"https:\/\/lescalamb.ovh\/index.php\/public\/produits\/recettes\/recettes-chou-kale\/","title":{"rendered":"Recettes au Chou Kale"},"content":{"rendered":"\n<h2 class=\"wp-block-heading\">Plats<\/h2>\n\n\n\n<p><sup>VG<\/sup> <a href=\"https:\/\/www.potagercity.fr\/recettes\/gratin-de-chou-kale-et-pommes-de-terre\/8685\">Gratin de Chou Kale et <strong>Pommes de terre<\/strong><\/a> : <br><sup>AMAP<\/sup> Chou Kale + Echalote + Pommes de terre<br><em>+ Beurre + Cr\u00e8me \u00e9paisse + Poivre + Sel<\/em><\/p>\n\n\n\n<p><sup>VG<\/sup> <a href=\"https:\/\/www.avogel.ca\/fr\/nutrition\/recettes\/potage-de-patate-douce-et-de-chou-frise\/\">Potage de patates douces et de Chou Kale<\/a> : <br><sup>AMAP<\/sup> Ail + Bouillon (de l\u00e9gumes) + Chou Kale + Huile d&#8217;Olive + Patates douces + Piment<br><em>+ Gingembre + Poivre + Sel<\/em><\/p>\n\n\n\n<p><sup>VG<\/sup> <a href=\"https:\/\/cuisine.chez-la-marmotte.fr\/archives\/14285\">Soupe de Chou Kale et <strong>Pommes de terre<\/strong><\/a> : <br><sup>AMAP<\/sup> Bouillon (de l\u00e9gumes) + Chou Kale + Pommes de terre<br><em>+ Poivre<\/em><\/p>\n","protected":false},"excerpt":{"rendered":"<p>Plats VG Gratin de Chou Kale et Pommes de terre : AMAP Chou Kale + Echalote + Pommes de terre+ Beurre + Cr\u00e8me \u00e9paisse + Poivre + Sel VG Potage de patates douces et de Chou Kale : AMAP Ail + Bouillon (de l\u00e9gumes) + Chou Kale + Huile d&#8217;Olive + Patates douces + Piment+ &hellip; <a href=\"https:\/\/lescalamb.ovh\/index.php\/public\/produits\/recettes\/recettes-chou-kale\/\" class=\"more-link\">Lire la suite de <span class=\"screen-reader-text\">Recettes au Chou Kale<\/span><\/a><\/p>\n","protected":false},"author":3,"featured_media":0,"parent":258,"menu_order":0,"comment_status":"closed","ping_status":"closed","template":"","meta":{"footnotes":""},"categories":[10],"tags":[9],"class_list":["post-1106","page","type-page","status-publish","hentry","category-recettes-specifiques","tag-recettes"],"_links":{"self":[{"href":"https:\/\/lescalamb.ovh\/index.php\/wp-json\/wp\/v2\/pages\/1106","targetHints":{"allow":["GET"]}}],"collection":[{"href":"https:\/\/lescalamb.ovh\/index.php\/wp-json\/wp\/v2\/pages"}],"about":[{"href":"https:\/\/lescalamb.ovh\/index.php\/wp-json\/wp\/v2\/types\/page"}],"author":[{"embeddable":true,"href":"https:\/\/lescalamb.ovh\/index.php\/wp-json\/wp\/v2\/users\/3"}],"replies":[{"embeddable":true,"href":"https:\/\/lescalamb.ovh\/index.php\/wp-json\/wp\/v2\/comments?post=1106"}],"version-history":[{"count":5,"href":"https:\/\/lescalamb.ovh\/index.php\/wp-json\/wp\/v2\/pages\/1106\/revisions"}],"predecessor-version":[{"id":2034,"href":"https:\/\/lescalamb.ovh\/index.php\/wp-json\/wp\/v2\/pages\/1106\/revisions\/2034"}],"up":[{"embeddable":true,"href":"https:\/\/lescalamb.ovh\/index.php\/wp-json\/wp\/v2\/pages\/258"}],"wp:attachment":[{"href":"https:\/\/lescalamb.ovh\/index.php\/wp-json\/wp\/v2\/media?parent=1106"}],"wp:term":[{"taxonomy":"category","embeddable":true,"href":"https:\/\/lescalamb.ovh\/index.php\/wp-json\/wp\/v2\/categories?post=1106"},{"taxonomy":"post_tag","embeddable":true,"href":"https:\/\/lescalamb.ovh\/index.php\/wp-json\/wp\/v2\/tags?post=1106"}],"curies":[{"name":"wp","href":"https:\/\/api.w.org\/{rel}","templated":true}]}}