{"id":1694,"date":"2024-01-28T10:04:20","date_gmt":"2024-01-28T09:04:20","guid":{"rendered":"https:\/\/lescalamb.ovh\/?page_id=1694"},"modified":"2024-01-28T10:08:11","modified_gmt":"2024-01-28T09:08:11","slug":"miramap","status":"publish","type":"page","link":"https:\/\/lescalamb.ovh\/index.php\/public\/miramap\/","title":{"rendered":"MIRAMAP"},"content":{"rendered":"\n<p>&#8220;<a target=\"_blank\" href=\"http:\/\/www.lesamapdeprovence.org\/\" rel=\"noreferrer noopener\">Les AMAP de Provence<\/a>&#8220;, sont le r\u00e9seau r\u00e9gional affili\u00e9 \u00e0 MIRAMAP (mouvement inter r\u00e9gional des AMAP).&nbsp;<a target=\"_blank\" href=\"http:\/\/miramap.org\/\" rel=\"noreferrer noopener\">MIRAMAP<\/a>&nbsp;est n\u00e9 de l&#8217;initiative de diff\u00e9rents r\u00e9gionaux d&#8217;AMAP, de Paysans en AMAP et groupes d&#8217;Amapiens de toute la France.<\/p>\n\n\n\n<p>Cette coordination inter-r\u00e9gionale des AMAP est un espace pour mutualiser la richesse des exp\u00e9riences, des pratiques et des outils, pour faire la promotion des AMAP au niveau national, pour r\u00e9fl\u00e9chir \u00e0 la fa\u00e7on dont l&#8217;\u00e9thique des AMAP puisse \u00eatre garantie et lancer des programmes d&#8217;action coordonn\u00e9s en coh\u00e9rence avec les objectifs des AMAP.<\/p>\n\n\n\n<p>&#8220;Les AMAP de Provence&#8221; s\u2019est donn\u00e9 pour but de promouvoir l\u2019information et l\u2019intervention dans le d\u00e9bat public des cons\u00e9quences des politiques et pratiques agricoles sur le maintien des agriculteurs, la consommation et l\u2019environnement, ainsi que les probl\u00e8mes li\u00e9s au commerce ou \u00e0 l\u2019\u00e9change des produits agricoles ou assimil\u00e9s, en France, en Europe et dans le monde.<\/p>\n","protected":false},"excerpt":{"rendered":"<p>&#8220;Les AMAP de Provence&#8220;, sont le r\u00e9seau r\u00e9gional affili\u00e9 \u00e0 MIRAMAP (mouvement inter r\u00e9gional des AMAP).&nbsp;MIRAMAP&nbsp;est n\u00e9 de l&#8217;initiative de diff\u00e9rents r\u00e9gionaux d&#8217;AMAP, de Paysans en AMAP et groupes d&#8217;Amapiens de toute la France. Cette coordination inter-r\u00e9gionale des AMAP est un espace pour mutualiser la richesse des exp\u00e9riences, des pratiques et des outils, pour faire &hellip; <a href=\"https:\/\/lescalamb.ovh\/index.php\/public\/miramap\/\" class=\"more-link\">Lire la suite de <span class=\"screen-reader-text\">MIRAMAP<\/span><\/a><\/p>\n","protected":false},"author":1,"featured_media":0,"parent":105,"menu_order":0,"comment_status":"closed","ping_status":"closed","template":"","meta":{"footnotes":""},"categories":[],"tags":[],"class_list":["post-1694","page","type-page","status-publish","hentry"],"_links":{"self":[{"href":"https:\/\/lescalamb.ovh\/index.php\/wp-json\/wp\/v2\/pages\/1694","targetHints":{"allow":["GET"]}}],"collection":[{"href":"https:\/\/lescalamb.ovh\/index.php\/wp-json\/wp\/v2\/pages"}],"about":[{"href":"https:\/\/lescalamb.ovh\/index.php\/wp-json\/wp\/v2\/types\/page"}],"author":[{"embeddable":true,"href":"https:\/\/lescalamb.ovh\/index.php\/wp-json\/wp\/v2\/users\/1"}],"replies":[{"embeddable":true,"href":"https:\/\/lescalamb.ovh\/index.php\/wp-json\/wp\/v2\/comments?post=1694"}],"version-history":[{"count":3,"href":"https:\/\/lescalamb.ovh\/index.php\/wp-json\/wp\/v2\/pages\/1694\/revisions"}],"predecessor-version":[{"id":1800,"href":"https:\/\/lescalamb.ovh\/index.php\/wp-json\/wp\/v2\/pages\/1694\/revisions\/1800"}],"up":[{"embeddable":true,"href":"https:\/\/lescalamb.ovh\/index.php\/wp-json\/wp\/v2\/pages\/105"}],"wp:attachment":[{"href":"https:\/\/lescalamb.ovh\/index.php\/wp-json\/wp\/v2\/media?parent=1694"}],"wp:term":[{"taxonomy":"category","embeddable":true,"href":"https:\/\/lescalamb.ovh\/index.php\/wp-json\/wp\/v2\/categories?post=1694"},{"taxonomy":"post_tag","embeddable":true,"href":"https:\/\/lescalamb.ovh\/index.php\/wp-json\/wp\/v2\/tags?post=1694"}],"curies":[{"name":"wp","href":"https:\/\/api.w.org\/{rel}","templated":true}]}}