{"id":258,"date":"2024-01-16T09:20:08","date_gmt":"2024-01-16T08:20:08","guid":{"rendered":"https:\/\/lescalamb.ovh\/?page_id=258"},"modified":"2024-01-28T23:07:53","modified_gmt":"2024-01-28T22:07:53","slug":"recettes","status":"publish","type":"page","link":"https:\/\/lescalamb.ovh\/index.php\/public\/produits\/recettes\/","title":{"rendered":"Recettes"},"content":{"rendered":"\n<p>Voici des propositions de <strong>recettes avec les l\u00e9gumes de la semaine<\/strong> :<\/p>\n\n\n\n<div class=\"wp-block-group\"><div class=\"wp-block-group__inner-container is-layout-constrained wp-block-group-is-layout-constrained\">\n<div class=\"wp-block-columns is-layout-flex wp-container-core-columns-is-layout-9d6595d7 wp-block-columns-is-layout-flex\">\n<div class=\"wp-block-column is-layout-flow wp-block-column-is-layout-flow\" style=\"flex-basis:100%\">\n<figure class=\"wp-block-gallery has-nested-images columns-default is-cropped wp-block-gallery-1 is-layout-flex wp-block-gallery-is-layout-flex\">\n<figure class=\"wp-block-image size-large\"><a href=\"https:\/\/lescalamb.ovh\/index.php\/recettes-aux-oignons\/\"><img loading=\"lazy\" decoding=\"async\" width=\"768\" height=\"1024\" data-id=\"414\" src=\"https:\/\/lescalamb.ovh\/wp-content\/uploads\/2024\/01\/AMAPorte_IllustrationOignonsJaunes_Starr_070730-7810_Allium_cepa-768x1024.jpg\" alt=\"\" class=\"wp-image-414\" srcset=\"https:\/\/lescalamb.ovh\/wp-content\/uploads\/2024\/01\/AMAPorte_IllustrationOignonsJaunes_Starr_070730-7810_Allium_cepa-768x1024.jpg 768w, https:\/\/lescalamb.ovh\/wp-content\/uploads\/2024\/01\/AMAPorte_IllustrationOignonsJaunes_Starr_070730-7810_Allium_cepa-225x300.jpg 225w, https:\/\/lescalamb.ovh\/wp-content\/uploads\/2024\/01\/AMAPorte_IllustrationOignonsJaunes_Starr_070730-7810_Allium_cepa-1152x1536.jpg 1152w, https:\/\/lescalamb.ovh\/wp-content\/uploads\/2024\/01\/AMAPorte_IllustrationOignonsJaunes_Starr_070730-7810_Allium_cepa-1536x2048.jpg 1536w, https:\/\/lescalamb.ovh\/wp-content\/uploads\/2024\/01\/AMAPorte_IllustrationOignonsJaunes_Starr_070730-7810_Allium_cepa-676x901.jpg 676w, https:\/\/lescalamb.ovh\/wp-content\/uploads\/2024\/01\/AMAPorte_IllustrationOignonsJaunes_Starr_070730-7810_Allium_cepa-scaled.jpg 1920w\" sizes=\"auto, (max-width: 768px) 100vw, 768px\" \/><\/a><figcaption class=\"wp-element-caption\"><a href=\"https:\/\/lescalamb.ovh\/index.php\/recettes-aux-oignons\/\">Recettes avec des Oignons<\/a><\/figcaption><\/figure>\n\n\n\n<figure class=\"wp-block-image size-large\"><a href=\"https:\/\/lescalamb.ovh\/index.php\/public\/produits\/recettes\/recettes-aux-carottes\/\"><img loading=\"lazy\" decoding=\"async\" width=\"1024\" height=\"920\" data-id=\"564\" src=\"https:\/\/lescalamb.ovh\/wp-content\/uploads\/2024\/01\/AMAPorte_IllustrationCarottes_5_58_Carot.jpg\" alt=\"\" class=\"wp-image-564\" srcset=\"https:\/\/lescalamb.ovh\/wp-content\/uploads\/2024\/01\/AMAPorte_IllustrationCarottes_5_58_Carot.jpg 1024w, https:\/\/lescalamb.ovh\/wp-content\/uploads\/2024\/01\/AMAPorte_IllustrationCarottes_5_58_Carot-300x270.jpg 300w, https:\/\/lescalamb.ovh\/wp-content\/uploads\/2024\/01\/AMAPorte_IllustrationCarottes_5_58_Carot-768x690.jpg 768w, https:\/\/lescalamb.ovh\/wp-content\/uploads\/2024\/01\/AMAPorte_IllustrationCarottes_5_58_Carot-676x607.jpg 676w\" sizes=\"auto, (max-width: 1024px) 100vw, 1024px\" \/><\/a><figcaption class=\"wp-element-caption\"><a href=\"https:\/\/lescalamb.ovh\/index.php\/public\/produits\/recettes\/recettes-aux-carottes\/\">Recettes avec des Carottes<\/a><\/figcaption><\/figure>\n<\/figure>\n<\/div>\n<\/div>\n<\/div><\/div>\n\n\n\n<p><\/p>\n\n\n\n<details class=\"wp-block-details is-layout-flow wp-block-details-is-layout-flow\"><summary>Recettes avec les l\u00e9gumes d&#8217;\u00e9t\u00e9 : cliquez ici<\/summary>\n<figure class=\"wp-block-gallery has-nested-images columns-default is-cropped wp-block-gallery-2 is-layout-flex wp-block-gallery-is-layout-flex\">\n<figure class=\"wp-block-image size-large\"><a href=\"https:\/\/lescalamb.ovh\/index.php\/public\/produits\/recettes\/recettes-courgettes\/\"><img loading=\"lazy\" decoding=\"async\" width=\"1024\" height=\"740\" data-id=\"563\" src=\"https:\/\/lescalamb.ovh\/wp-content\/uploads\/2024\/01\/AMAPorte_IllustrationCourgettes-2020-08-02_Courgettes_Cucurbita_pepo_Trimingham_Norfolk-1024x740.jpg\" alt=\"\" class=\"wp-image-563\" srcset=\"https:\/\/lescalamb.ovh\/wp-content\/uploads\/2024\/01\/AMAPorte_IllustrationCourgettes-2020-08-02_Courgettes_Cucurbita_pepo_Trimingham_Norfolk-1024x740.jpg 1024w, https:\/\/lescalamb.ovh\/wp-content\/uploads\/2024\/01\/AMAPorte_IllustrationCourgettes-2020-08-02_Courgettes_Cucurbita_pepo_Trimingham_Norfolk-300x217.jpg 300w, https:\/\/lescalamb.ovh\/wp-content\/uploads\/2024\/01\/AMAPorte_IllustrationCourgettes-2020-08-02_Courgettes_Cucurbita_pepo_Trimingham_Norfolk-768x555.jpg 768w, https:\/\/lescalamb.ovh\/wp-content\/uploads\/2024\/01\/AMAPorte_IllustrationCourgettes-2020-08-02_Courgettes_Cucurbita_pepo_Trimingham_Norfolk-1536x1109.jpg 1536w, https:\/\/lescalamb.ovh\/wp-content\/uploads\/2024\/01\/AMAPorte_IllustrationCourgettes-2020-08-02_Courgettes_Cucurbita_pepo_Trimingham_Norfolk-2048x1479.jpg 2048w, https:\/\/lescalamb.ovh\/wp-content\/uploads\/2024\/01\/AMAPorte_IllustrationCourgettes-2020-08-02_Courgettes_Cucurbita_pepo_Trimingham_Norfolk-676x488.jpg 676w\" sizes=\"auto, (max-width: 1024px) 100vw, 1024px\" \/><\/a><figcaption class=\"wp-element-caption\"><a href=\"https:\/\/lescalamb.ovh\/index.php\/public\/produits\/recettes\/recettes-courgettes\/\">Recettes avec des Courgettes<\/a><\/figcaption><\/figure>\n<\/figure>\n<\/details>\n\n\n\n<p><\/p>\n\n\n\n<p><strong>Recettes avec les produits des contrats annexes de l&#8217;hiver<\/strong> :<\/p>\n\n\n\n<figure class=\"wp-block-gallery has-nested-images columns-default is-cropped wp-block-gallery-3 is-layout-flex wp-block-gallery-is-layout-flex\">\n<figure class=\"wp-block-image size-large\"><img loading=\"lazy\" decoding=\"async\" width=\"525\" height=\"330\" data-id=\"243\" src=\"https:\/\/lescalamb.ovh\/wp-content\/uploads\/2024\/01\/AMAPorte_IllustrationAgrumes_e_e4_Citrus_fruits-edited-1.jpg\" alt=\"\" class=\"wp-image-243\" srcset=\"https:\/\/lescalamb.ovh\/wp-content\/uploads\/2024\/01\/AMAPorte_IllustrationAgrumes_e_e4_Citrus_fruits-edited-1.jpg 525w, https:\/\/lescalamb.ovh\/wp-content\/uploads\/2024\/01\/AMAPorte_IllustrationAgrumes_e_e4_Citrus_fruits-edited-1-300x189.jpg 300w\" sizes=\"auto, (max-width: 525px) 100vw, 525px\" \/><figcaption class=\"wp-element-caption\">Recettes avec des Agrumes<\/figcaption><\/figure>\n\n\n\n<figure class=\"wp-block-image size-large\"><img loading=\"lazy\" decoding=\"async\" width=\"1024\" height=\"768\" data-id=\"216\" src=\"https:\/\/lescalamb.ovh\/wp-content\/uploads\/2024\/01\/AMAPorte_IllustrationNoix_5_50_Juglans_regia_001-1024x768.jpg\" alt=\"\" class=\"wp-image-216\" srcset=\"https:\/\/lescalamb.ovh\/wp-content\/uploads\/2024\/01\/AMAPorte_IllustrationNoix_5_50_Juglans_regia_001-1024x768.jpg 1024w, https:\/\/lescalamb.ovh\/wp-content\/uploads\/2024\/01\/AMAPorte_IllustrationNoix_5_50_Juglans_regia_001-300x225.jpg 300w, https:\/\/lescalamb.ovh\/wp-content\/uploads\/2024\/01\/AMAPorte_IllustrationNoix_5_50_Juglans_regia_001-768x576.jpg 768w, https:\/\/lescalamb.ovh\/wp-content\/uploads\/2024\/01\/AMAPorte_IllustrationNoix_5_50_Juglans_regia_001-1536x1152.jpg 1536w, https:\/\/lescalamb.ovh\/wp-content\/uploads\/2024\/01\/AMAPorte_IllustrationNoix_5_50_Juglans_regia_001-676x507.jpg 676w, https:\/\/lescalamb.ovh\/wp-content\/uploads\/2024\/01\/AMAPorte_IllustrationNoix_5_50_Juglans_regia_001-1320x990.jpg 1320w, https:\/\/lescalamb.ovh\/wp-content\/uploads\/2024\/01\/AMAPorte_IllustrationNoix_5_50_Juglans_regia_001.jpg 1800w\" sizes=\"auto, (max-width: 1024px) 100vw, 1024px\" \/><figcaption class=\"wp-element-caption\">Recettes avec des Noix<\/figcaption><\/figure>\n\n\n\n<figure class=\"wp-block-image size-large\"><img loading=\"lazy\" decoding=\"async\" width=\"962\" height=\"1024\" data-id=\"221\" src=\"https:\/\/lescalamb.ovh\/wp-content\/uploads\/2024\/01\/AMAPorte_IllustrationChataignes_AmapDeLaCrau_Produits_derives_nov.2022-scaled-1-962x1024.jpg\" alt=\"\" class=\"wp-image-221\" srcset=\"https:\/\/lescalamb.ovh\/wp-content\/uploads\/2024\/01\/AMAPorte_IllustrationChataignes_AmapDeLaCrau_Produits_derives_nov.2022-scaled-1-962x1024.jpg 962w, https:\/\/lescalamb.ovh\/wp-content\/uploads\/2024\/01\/AMAPorte_IllustrationChataignes_AmapDeLaCrau_Produits_derives_nov.2022-scaled-1-282x300.jpg 282w, https:\/\/lescalamb.ovh\/wp-content\/uploads\/2024\/01\/AMAPorte_IllustrationChataignes_AmapDeLaCrau_Produits_derives_nov.2022-scaled-1-768x818.jpg 768w, https:\/\/lescalamb.ovh\/wp-content\/uploads\/2024\/01\/AMAPorte_IllustrationChataignes_AmapDeLaCrau_Produits_derives_nov.2022-scaled-1-676x720.jpg 676w, https:\/\/lescalamb.ovh\/wp-content\/uploads\/2024\/01\/AMAPorte_IllustrationChataignes_AmapDeLaCrau_Produits_derives_nov.2022-scaled-1-1320x1406.jpg 1320w, https:\/\/lescalamb.ovh\/wp-content\/uploads\/2024\/01\/AMAPorte_IllustrationChataignes_AmapDeLaCrau_Produits_derives_nov.2022-scaled-1.jpg 1324w\" sizes=\"auto, (max-width: 962px) 100vw, 962px\" \/><figcaption class=\"wp-element-caption\">Recettes avec des Marrons \/ de la Confiture de Ch\u00e2taignes<\/figcaption><\/figure>\n\n\n\n<figure class=\"wp-block-image size-large\"><a href=\"https:\/\/lescalamb.ovh\/index.php\/accueil-amaporte\/produits-annexes\/recettes\/recettes-pommes\/\"><img loading=\"lazy\" decoding=\"async\" width=\"1024\" height=\"601\" data-id=\"212\" src=\"https:\/\/lescalamb.ovh\/wp-content\/uploads\/2024\/01\/AMAPorte_IllustrationPommes_6_67_Primarosa_apples_20230621_150226-1024x601.jpg\" alt=\"\" class=\"wp-image-212\" srcset=\"https:\/\/lescalamb.ovh\/wp-content\/uploads\/2024\/01\/AMAPorte_IllustrationPommes_6_67_Primarosa_apples_20230621_150226-1024x601.jpg 1024w, https:\/\/lescalamb.ovh\/wp-content\/uploads\/2024\/01\/AMAPorte_IllustrationPommes_6_67_Primarosa_apples_20230621_150226-300x176.jpg 300w, https:\/\/lescalamb.ovh\/wp-content\/uploads\/2024\/01\/AMAPorte_IllustrationPommes_6_67_Primarosa_apples_20230621_150226-768x451.jpg 768w, https:\/\/lescalamb.ovh\/wp-content\/uploads\/2024\/01\/AMAPorte_IllustrationPommes_6_67_Primarosa_apples_20230621_150226-1536x902.jpg 1536w, https:\/\/lescalamb.ovh\/wp-content\/uploads\/2024\/01\/AMAPorte_IllustrationPommes_6_67_Primarosa_apples_20230621_150226-2048x1202.jpg 2048w, https:\/\/lescalamb.ovh\/wp-content\/uploads\/2024\/01\/AMAPorte_IllustrationPommes_6_67_Primarosa_apples_20230621_150226-676x397.jpg 676w, https:\/\/lescalamb.ovh\/wp-content\/uploads\/2024\/01\/AMAPorte_IllustrationPommes_6_67_Primarosa_apples_20230621_150226-1320x775.jpg 1320w\" sizes=\"auto, (max-width: 1024px) 100vw, 1024px\" \/><\/a><figcaption class=\"wp-element-caption\"><a href=\"https:\/\/lescalamb.ovh\/index.php\/accueil-amaporte\/produits-annexes\/recettes\/recettes-pommes\/\">Recettes avec des Pommes<\/a><\/figcaption><\/figure>\n<\/figure>\n\n\n\n<p><\/p>\n\n\n\n<p>Recettes avec les <strong>produits des contrats annexes<\/strong> disponibles toute l&#8217;ann\u00e9e :<\/p>\n\n\n\n<figure class=\"wp-block-gallery has-nested-images columns-default is-cropped wp-block-gallery-4 is-layout-flex wp-block-gallery-is-layout-flex\">\n<figure class=\"wp-block-image size-large\"><a href=\"https:\/\/lescalamb.ovh\/index.php\/recettes-aux-oeufs\/\"><img loading=\"lazy\" decoding=\"async\" width=\"1024\" height=\"768\" data-id=\"213\" src=\"https:\/\/lescalamb.ovh\/wp-content\/uploads\/2024\/01\/AMAPorte_IllustrationOeufs_4_4a_Eier_ini_Eierkarton_5-1024x768.jpg\" alt=\"\" class=\"wp-image-213\" srcset=\"https:\/\/lescalamb.ovh\/wp-content\/uploads\/2024\/01\/AMAPorte_IllustrationOeufs_4_4a_Eier_ini_Eierkarton_5-1024x768.jpg 1024w, https:\/\/lescalamb.ovh\/wp-content\/uploads\/2024\/01\/AMAPorte_IllustrationOeufs_4_4a_Eier_ini_Eierkarton_5-300x225.jpg 300w, https:\/\/lescalamb.ovh\/wp-content\/uploads\/2024\/01\/AMAPorte_IllustrationOeufs_4_4a_Eier_ini_Eierkarton_5-768x576.jpg 768w, https:\/\/lescalamb.ovh\/wp-content\/uploads\/2024\/01\/AMAPorte_IllustrationOeufs_4_4a_Eier_ini_Eierkarton_5-1536x1152.jpg 1536w, https:\/\/lescalamb.ovh\/wp-content\/uploads\/2024\/01\/AMAPorte_IllustrationOeufs_4_4a_Eier_ini_Eierkarton_5-2048x1536.jpg 2048w, https:\/\/lescalamb.ovh\/wp-content\/uploads\/2024\/01\/AMAPorte_IllustrationOeufs_4_4a_Eier_ini_Eierkarton_5-676x507.jpg 676w, https:\/\/lescalamb.ovh\/wp-content\/uploads\/2024\/01\/AMAPorte_IllustrationOeufs_4_4a_Eier_ini_Eierkarton_5-1320x990.jpg 1320w\" sizes=\"auto, (max-width: 1024px) 100vw, 1024px\" \/><\/a><figcaption class=\"wp-element-caption\"><a href=\"https:\/\/lescalamb.ovh\/index.php\/recettes-aux-oeufs\/\">Recettes avec des Oeufs<\/a><a href=\"https:\/\/lescalamb.ovh\/index.php\/public\/produits\/recettes\/recettes-oeufs\/\">https:\/\/lescalamb.ovh\/index.php\/public\/produits\/recettes\/recettes-oeufs\/<\/a><\/figcaption><\/figure>\n\n\n\n<figure class=\"wp-block-image size-large\"><a href=\"https:\/\/lescalamb.ovh\/index.php\/public\/produits\/recettes\/recettes-farine\/\"><img loading=\"lazy\" decoding=\"async\" width=\"655\" height=\"853\" data-id=\"226\" src=\"https:\/\/lescalamb.ovh\/wp-content\/uploads\/2024\/01\/AMAPorte_IllustrationFermePastiere_132292878_737719026871551_7911858636322821710_n.jpg\" alt=\"\" class=\"wp-image-226\" srcset=\"https:\/\/lescalamb.ovh\/wp-content\/uploads\/2024\/01\/AMAPorte_IllustrationFermePastiere_132292878_737719026871551_7911858636322821710_n.jpg 655w, https:\/\/lescalamb.ovh\/wp-content\/uploads\/2024\/01\/AMAPorte_IllustrationFermePastiere_132292878_737719026871551_7911858636322821710_n-230x300.jpg 230w\" sizes=\"auto, (max-width: 655px) 100vw, 655px\" \/><\/a><figcaption class=\"wp-element-caption\"><a href=\"https:\/\/lescalamb.ovh\/index.php\/public\/produits\/recettes\/recettes-farine\/\">Recettes avec de la Farine \/ des P\u00e2tes \/ des L\u00e9gumineuses \/ de la Semoule<\/a><\/figcaption><\/figure>\n\n\n\n<figure class=\"wp-block-image size-large\"><a href=\"https:\/\/lescalamb.ovh\/index.php\/public\/produits\/recettes\/recettes-pain\/\"><img loading=\"lazy\" decoding=\"async\" width=\"1024\" height=\"683\" data-id=\"227\" src=\"https:\/\/lescalamb.ovh\/wp-content\/uploads\/2024\/01\/AMAPorte_IllustrationPain_f_f2_Pain_de_campagne-edited-1024x683.jpg\" alt=\"\" class=\"wp-image-227\" srcset=\"https:\/\/lescalamb.ovh\/wp-content\/uploads\/2024\/01\/AMAPorte_IllustrationPain_f_f2_Pain_de_campagne-edited-1024x683.jpg 1024w, https:\/\/lescalamb.ovh\/wp-content\/uploads\/2024\/01\/AMAPorte_IllustrationPain_f_f2_Pain_de_campagne-edited-300x200.jpg 300w, https:\/\/lescalamb.ovh\/wp-content\/uploads\/2024\/01\/AMAPorte_IllustrationPain_f_f2_Pain_de_campagne-edited-768x512.jpg 768w, https:\/\/lescalamb.ovh\/wp-content\/uploads\/2024\/01\/AMAPorte_IllustrationPain_f_f2_Pain_de_campagne-edited-1536x1024.jpg 1536w, https:\/\/lescalamb.ovh\/wp-content\/uploads\/2024\/01\/AMAPorte_IllustrationPain_f_f2_Pain_de_campagne-edited-2048x1365.jpg 2048w, https:\/\/lescalamb.ovh\/wp-content\/uploads\/2024\/01\/AMAPorte_IllustrationPain_f_f2_Pain_de_campagne-edited-676x451.jpg 676w, https:\/\/lescalamb.ovh\/wp-content\/uploads\/2024\/01\/AMAPorte_IllustrationPain_f_f2_Pain_de_campagne-edited-1320x880.jpg 1320w\" sizes=\"auto, (max-width: 1024px) 100vw, 1024px\" \/><\/a><figcaption class=\"wp-element-caption\"><a href=\"https:\/\/lescalamb.ovh\/index.php\/public\/produits\/recettes\/recettes-pain\/\">Recette avec du Pain<\/a><\/figcaption><\/figure>\n\n\n\n<figure class=\"wp-block-image size-large\"><a href=\"https:\/\/lescalamb.ovh\/index.php\/public\/produits\/recettes\/recettes-fromages-de-chevre\/\"><img loading=\"lazy\" decoding=\"async\" width=\"720\" height=\"471\" data-id=\"222\" src=\"https:\/\/lescalamb.ovh\/wp-content\/uploads\/2024\/01\/AMAPorte_IllustrationChevre_FermeCarole_115735221_156270529430735_5289308304304272665_n.jpg\" alt=\"\" class=\"wp-image-222\" srcset=\"https:\/\/lescalamb.ovh\/wp-content\/uploads\/2024\/01\/AMAPorte_IllustrationChevre_FermeCarole_115735221_156270529430735_5289308304304272665_n.jpg 720w, https:\/\/lescalamb.ovh\/wp-content\/uploads\/2024\/01\/AMAPorte_IllustrationChevre_FermeCarole_115735221_156270529430735_5289308304304272665_n-300x196.jpg 300w, https:\/\/lescalamb.ovh\/wp-content\/uploads\/2024\/01\/AMAPorte_IllustrationChevre_FermeCarole_115735221_156270529430735_5289308304304272665_n-676x442.jpg 676w\" sizes=\"auto, (max-width: 720px) 100vw, 720px\" \/><\/a><figcaption class=\"wp-element-caption\"><a href=\"https:\/\/lescalamb.ovh\/index.php\/public\/produits\/recettes\/recettes-aux-fromages-de-chevre\/\">R<\/a><a href=\"https:\/\/lescalamb.ovh\/index.php\/public\/produits\/recettes\/recettes-fromages-de-chevre\/\">ecettes avec du Fromage de <\/a><a href=\"https:\/\/lescalamb.ovh\/index.php\/public\/produits\/recettes\/recettes-aux-fromages-de-chevre\/\">Ch\u00e8vre<\/a><\/figcaption><\/figure>\n\n\n\n<figure class=\"wp-block-image size-large\"><a href=\"https:\/\/lescalamb.ovh\/index.php\/public\/produits\/recettes\/recettes-miel\/\"><img loading=\"lazy\" decoding=\"async\" width=\"675\" height=\"1024\" data-id=\"210\" src=\"https:\/\/lescalamb.ovh\/wp-content\/uploads\/2024\/01\/AMAPorte_IllustrationMiel_c_cc_Runny_hunny-675x1024.jpg\" alt=\"\" class=\"wp-image-210\" srcset=\"https:\/\/lescalamb.ovh\/wp-content\/uploads\/2024\/01\/AMAPorte_IllustrationMiel_c_cc_Runny_hunny-675x1024.jpg 675w, https:\/\/lescalamb.ovh\/wp-content\/uploads\/2024\/01\/AMAPorte_IllustrationMiel_c_cc_Runny_hunny-198x300.jpg 198w, https:\/\/lescalamb.ovh\/wp-content\/uploads\/2024\/01\/AMAPorte_IllustrationMiel_c_cc_Runny_hunny-768x1165.jpg 768w, https:\/\/lescalamb.ovh\/wp-content\/uploads\/2024\/01\/AMAPorte_IllustrationMiel_c_cc_Runny_hunny-1013x1536.jpg 1013w, https:\/\/lescalamb.ovh\/wp-content\/uploads\/2024\/01\/AMAPorte_IllustrationMiel_c_cc_Runny_hunny-1350x2048.jpg 1350w, https:\/\/lescalamb.ovh\/wp-content\/uploads\/2024\/01\/AMAPorte_IllustrationMiel_c_cc_Runny_hunny-659x999.jpg 659w, https:\/\/lescalamb.ovh\/wp-content\/uploads\/2024\/01\/AMAPorte_IllustrationMiel_c_cc_Runny_hunny-1320x2002.jpg 1320w, https:\/\/lescalamb.ovh\/wp-content\/uploads\/2024\/01\/AMAPorte_IllustrationMiel_c_cc_Runny_hunny-scaled.jpg 1688w\" sizes=\"auto, (max-width: 675px) 100vw, 675px\" \/><\/a><figcaption class=\"wp-element-caption\"><a href=\"https:\/\/lescalamb.ovh\/index.php\/public\/produits\/recettes\/recettes-miel\/\">Recettes avec du Miel<\/a><\/figcaption><\/figure>\n\n\n\n<figure class=\"wp-block-image size-large\"><a href=\"https:\/\/lescalamb.ovh\/index.php\/public\/produits\/recettes\/recettes-poulet\/\"><img loading=\"lazy\" decoding=\"async\" width=\"1024\" height=\"777\" data-id=\"208\" src=\"https:\/\/lescalamb.ovh\/wp-content\/uploads\/2024\/01\/AMAPorte_IllustrationVolailles_4_47_Chicken_in_France-1024x777.jpg\" alt=\"\" class=\"wp-image-208\" srcset=\"https:\/\/lescalamb.ovh\/wp-content\/uploads\/2024\/01\/AMAPorte_IllustrationVolailles_4_47_Chicken_in_France-1024x777.jpg 1024w, https:\/\/lescalamb.ovh\/wp-content\/uploads\/2024\/01\/AMAPorte_IllustrationVolailles_4_47_Chicken_in_France-300x228.jpg 300w, https:\/\/lescalamb.ovh\/wp-content\/uploads\/2024\/01\/AMAPorte_IllustrationVolailles_4_47_Chicken_in_France-768x583.jpg 768w, https:\/\/lescalamb.ovh\/wp-content\/uploads\/2024\/01\/AMAPorte_IllustrationVolailles_4_47_Chicken_in_France-1536x1166.jpg 1536w, https:\/\/lescalamb.ovh\/wp-content\/uploads\/2024\/01\/AMAPorte_IllustrationVolailles_4_47_Chicken_in_France-2048x1555.jpg 2048w, https:\/\/lescalamb.ovh\/wp-content\/uploads\/2024\/01\/AMAPorte_IllustrationVolailles_4_47_Chicken_in_France-676x513.jpg 676w, https:\/\/lescalamb.ovh\/wp-content\/uploads\/2024\/01\/AMAPorte_IllustrationVolailles_4_47_Chicken_in_France-1320x1002.jpg 1320w\" sizes=\"auto, (max-width: 1024px) 100vw, 1024px\" \/><\/a><figcaption class=\"wp-element-caption\"><a href=\"https:\/\/lescalamb.ovh\/index.php\/public\/produits\/recettes\/recettes-poulet\/\">Recettes avec des Volailles<\/a><\/figcaption><\/figure>\n<\/figure>\n","protected":false},"excerpt":{"rendered":"<p>Voici des propositions de recettes avec les l\u00e9gumes de la semaine : Recettes avec les produits des contrats annexes de l&#8217;hiver : Recettes avec les produits des contrats annexes disponibles toute l&#8217;ann\u00e9e :<\/p>\n","protected":false},"author":3,"featured_media":0,"parent":388,"menu_order":0,"comment_status":"closed","ping_status":"closed","template":"","meta":{"footnotes":""},"categories":[],"tags":[],"class_list":["post-258","page","type-page","status-publish","hentry"],"_links":{"self":[{"href":"https:\/\/lescalamb.ovh\/index.php\/wp-json\/wp\/v2\/pages\/258","targetHints":{"allow":["GET"]}}],"collection":[{"href":"https:\/\/lescalamb.ovh\/index.php\/wp-json\/wp\/v2\/pages"}],"about":[{"href":"https:\/\/lescalamb.ovh\/index.php\/wp-json\/wp\/v2\/types\/page"}],"author":[{"embeddable":true,"href":"https:\/\/lescalamb.ovh\/index.php\/wp-json\/wp\/v2\/users\/3"}],"replies":[{"embeddable":true,"href":"https:\/\/lescalamb.ovh\/index.php\/wp-json\/wp\/v2\/comments?post=258"}],"version-history":[{"count":17,"href":"https:\/\/lescalamb.ovh\/index.php\/wp-json\/wp\/v2\/pages\/258\/revisions"}],"predecessor-version":[{"id":1743,"href":"https:\/\/lescalamb.ovh\/index.php\/wp-json\/wp\/v2\/pages\/258\/revisions\/1743"}],"up":[{"embeddable":true,"href":"https:\/\/lescalamb.ovh\/index.php\/wp-json\/wp\/v2\/pages\/388"}],"wp:attachment":[{"href":"https:\/\/lescalamb.ovh\/index.php\/wp-json\/wp\/v2\/media?parent=258"}],"wp:term":[{"taxonomy":"category","embeddable":true,"href":"https:\/\/lescalamb.ovh\/index.php\/wp-json\/wp\/v2\/categories?post=258"},{"taxonomy":"post_tag","embeddable":true,"href":"https:\/\/lescalamb.ovh\/index.php\/wp-json\/wp\/v2\/tags?post=258"}],"curies":[{"name":"wp","href":"https:\/\/api.w.org\/{rel}","templated":true}]}}