{"id":394,"date":"2024-01-17T10:34:57","date_gmt":"2024-01-17T09:34:57","guid":{"rendered":"https:\/\/lescalamb.ovh\/?page_id=394"},"modified":"2024-01-28T23:30:32","modified_gmt":"2024-01-28T22:30:32","slug":"produits-maraichers","status":"publish","type":"page","link":"https:\/\/lescalamb.ovh\/index.php\/public\/produits\/produits-maraichers\/","title":{"rendered":"Produits mara\u00eechers"},"content":{"rendered":"\n<p>En automne\u00a0et en hiver :<\/p>\n\n\n\n<ul class=\"wp-block-list\">\n<li><a href=\"https:\/\/lescalamb.ovh\/index.php\/public\/produits\/recettes\/recettes-artichauts\/\">Artichauts<\/a><\/li>\n\n\n\n<li>Betteraves rouges<\/li>\n\n\n\n<li><a href=\"https:\/\/lescalamb.ovh\/index.php\/public\/produits\/recettes\/recettes-blettes\/\">Blettes<\/a><\/li>\n\n\n\n<li><a href=\"https:\/\/lescalamb.ovh\/index.php\/public\/produits\/recettes\/recettes-brocoli\/\">Brocoli<\/a><\/li>\n\n\n\n<li><a href=\"https:\/\/lescalamb.ovh\/index.php\/public\/produits\/recettes\/recettes-carottes\/\">Carottes<\/a><\/li>\n\n\n\n<li><a href=\"https:\/\/lescalamb.ovh\/index.php\/public\/produits\/recettes\/recettes-chou-fleur\/\">Chou-fleur<\/a><\/li>\n\n\n\n<li>Chou Romanesco<\/li>\n\n\n\n<li><a href=\"https:\/\/lescalamb.ovh\/index.php\/public\/produits\/recettes\/recettes-chou-rouge\/\">Chou rouge<\/a><\/li>\n\n\n\n<li><a href=\"https:\/\/lescalamb.ovh\/index.php\/public\/produits\/recettes\/recettes-coulis-tomates\">Coulis de tomates<\/a><\/li>\n\n\n\n<li><a href=\"https:\/\/lescalamb.ovh\/index.php\/public\/produits\/recettes\/recettes-courge-butternut\/\">Courge butternut<\/a><\/li>\n\n\n\n<li>Courge spaghetti<\/li>\n\n\n\n<li><a href=\"https:\/\/lescalamb.ovh\/index.php\/public\/produits\/recettes\/recettes-epinards\/\">\u00c9pinards<\/a><\/li>\n\n\n\n<li><a href=\"https:\/\/lescalamb.ovh\/index.php\/public\/produits\/recettes\/recettes-fenouil\/\">Fenouil<\/a><\/li>\n\n\n\n<li>M\u00e2che<\/li>\n\n\n\n<li><a href=\"https:\/\/lescalamb.ovh\/index.php\/public\/produits\/recettes\/recettes-navets\/\">Navets<\/a><\/li>\n\n\n\n<li><a href=\"https:\/\/lescalamb.ovh\/index.php\/public\/produits\/recettes\/recettes-panais\/\">Panais<\/a><\/li>\n\n\n\n<li><a href=\"https:\/\/lescalamb.ovh\/index.php\/public\/produits\/recettes\/recettes-patates-douces\/\">Patate douce<\/a><\/li>\n\n\n\n<li><a href=\"https:\/\/lescalamb.ovh\/index.php\/public\/produits\/recettes\/recettes-poireaux\/\">Poireaux<\/a><\/li>\n\n\n\n<li><a href=\"https:\/\/lescalamb.ovh\/index.php\/public\/produits\/recettes\/recettes-pois-chiches\">Pois chiche<\/a><\/li>\n\n\n\n<li><a href=\"https:\/\/lescalamb.ovh\/index.php\/public\/produits\/recettes\/recettes-potiron\/\">Potiron<\/a><\/li>\n\n\n\n<li>Radis noir<\/li>\n\n\n\n<li>Radis &#8220;red meat&#8221;<\/li>\n\n\n\n<li>Radis roses<\/li>\n\n\n\n<li>Salades vertes<\/li>\n<\/ul>\n\n\n\n<p>En hiver&nbsp;:<\/p>\n\n\n\n<ul class=\"wp-block-list\">\n<li>C\u00e9leri-rave<\/li>\n\n\n\n<li><a href=\"https:\/\/lescalamb.ovh\/index.php\/public\/produits\/recettes\/recettes-chou-blanc\/\">Chou blanc<\/a><\/li>\n\n\n\n<li>Choux de Bruxelles<\/li>\n\n\n\n<li><a href=\"https:\/\/lescalamb.ovh\/index.php\/public\/produits\/recettes\/recettes-chou-vert\/\">Chou vert<\/a><\/li>\n\n\n\n<li><a href=\"https:\/\/lescalamb.ovh\/index.php\/public\/produits\/recettes\/recettes-chou-kale\/\">Chou Kale<\/a><\/li>\n\n\n\n<li><a href=\"https:\/\/lescalamb.ovh\/index.php\/public\/produits\/recettes\/recettes-topinambours\/\">Topinambours<\/a><\/li>\n<\/ul>\n\n\n\n<p>Au printemps et en \u00e9t\u00e9&nbsp;:<\/p>\n\n\n\n<ul class=\"wp-block-list\">\n<li>Ail<\/li>\n\n\n\n<li><a href=\"https:\/\/lescalamb.ovh\/index.php\/public\/produits\/recettes\/recettes-artichauts\/\">Artichauts<\/a><\/li>\n\n\n\n<li><a href=\"https:\/\/lescalamb.ovh\/index.php\/public\/produits\/recettes\/recettes-aubergines\/\">Aubergines<\/a><\/li>\n\n\n\n<li><a href=\"https:\/\/lescalamb.ovh\/index.php\/public\/produits\/recettes\/recettes-basilic\/\">Basilic<\/a><\/li>\n\n\n\n<li>Chou-rave<\/li>\n\n\n\n<li><a href=\"https:\/\/lescalamb.ovh\/index.php\/public\/produits\/recettes\/recettes-concombre\/\">Concombre<\/a><\/li>\n\n\n\n<li><a href=\"https:\/\/lescalamb.ovh\/index.php\/public\/produits\/recettes\/recettes-courgettes\/\">Courgettes<\/a><\/li>\n<\/ul>\n\n\n\n<ul class=\"wp-block-list\">\n<li><a href=\"https:\/\/lescalamb.ovh\/index.php\/public\/produits\/recettes\/recettes-echalotes\/\">Echalotes<\/a><\/li>\n\n\n\n<li><a href=\"https:\/\/lescalamb.ovh\/index.php\/public\/produits\/recettes\/recettes-fraises\/\">Fraises<\/a><\/li>\n<\/ul>\n\n\n\n<ul class=\"wp-block-list\">\n<li>Haricots plats<\/li>\n\n\n\n<li><a href=\"https:\/\/lescalamb.ovh\/index.php\/public\/produits\/recettes\/recettes-haricots-verts\/\">Haricots verts<\/a><\/li>\n<\/ul>\n\n\n\n<ul class=\"wp-block-list\">\n<li>Menthe<\/li>\n\n\n\n<li>Persil<\/li>\n\n\n\n<li>Petits pois<\/li>\n\n\n\n<li>Pois croquants<\/li>\n\n\n\n<li>Pois gourmands<\/li>\n\n\n\n<li><a href=\"https:\/\/lescalamb.ovh\/index.php\/public\/produits\/recettes\/recettes-poivrons\/\">Poivrons<\/a><\/li>\n\n\n\n<li>Salade verte<\/li>\n\n\n\n<li><a href=\"https:\/\/lescalamb.ovh\/index.php\/public\/produits\/recettes\/recettes-tomates\/\">Tomates<\/a><\/li>\n<\/ul>\n\n\n\n<p>En \u00e9t\u00e9&nbsp;:<\/p>\n\n\n\n<ul class=\"wp-block-list\">\n<li><a href=\"https:\/\/lescalamb.ovh\/index.php\/public\/produits\/recettes\/recettes-fenouil\/\">Fenouil<\/a><\/li>\n\n\n\n<li><a href=\"https:\/\/lescalamb.ovh\/index.php\/public\/produits\/recettes\/recettes-aux-feves\/\">F\u00e8ves<\/a><\/li>\n\n\n\n<li><a href=\"https:\/\/lescalamb.ovh\/index.php\/public\/produits\/recettes\/recettes-haricots-coco\/\">Haricots coco<\/a><\/li>\n\n\n\n<li><a href=\"https:\/\/lescalamb.ovh\/index.php\/public\/produits\/recettes\/recettes-lentilles\/\">Lentilles<\/a><\/li>\n\n\n\n<li><a href=\"https:\/\/lescalamb.ovh\/index.php\/public\/produits\/recettes\/recettes-mais\/\">Ma\u00efs<\/a><\/li>\n\n\n\n<li>Melons charentais<\/li>\n\n\n\n<li>Melons canari<\/li>\n\n\n\n<li>Past\u00e8ques<\/li>\n\n\n\n<li><a href=\"https:\/\/lescalamb.ovh\/index.php\/public\/produits\/recettes\/recettes-pois-chiches\/\">Pois chiches<\/a><\/li>\n<\/ul>\n\n\n\n<p>En toute saison&nbsp;:<\/p>\n\n\n\n<ul class=\"wp-block-list\">\n<li>Oignons <a href=\"https:\/\/lescalamb.ovh\/index.php\/public\/produits\/recettes\/recettes-oignons-jaunes\/\">jaunes<\/a>, <a href=\"https:\/\/lescalamb.ovh\/index.php\/public\/produits\/recettes\/recettes-oignons-blancs\/\">blancs<\/a> ou rouges<\/li>\n\n\n\n<li><a href=\"https:\/\/lescalamb.ovh\/index.php\/public\/produits\/recettes\/recettes-pommes-de-terre\/\">Pommes de terre<\/a> (diff\u00e9rentes vari\u00e9t\u00e9s)<\/li>\n<\/ul>\n","protected":false},"excerpt":{"rendered":"<p>En automne\u00a0et en hiver : En hiver&nbsp;: Au printemps et en \u00e9t\u00e9&nbsp;: En \u00e9t\u00e9&nbsp;: En toute saison&nbsp;:<\/p>\n","protected":false},"author":3,"featured_media":0,"parent":388,"menu_order":0,"comment_status":"closed","ping_status":"closed","template":"","meta":{"footnotes":""},"categories":[],"tags":[],"class_list":["post-394","page","type-page","status-publish","hentry"],"_links":{"self":[{"href":"https:\/\/lescalamb.ovh\/index.php\/wp-json\/wp\/v2\/pages\/394","targetHints":{"allow":["GET"]}}],"collection":[{"href":"https:\/\/lescalamb.ovh\/index.php\/wp-json\/wp\/v2\/pages"}],"about":[{"href":"https:\/\/lescalamb.ovh\/index.php\/wp-json\/wp\/v2\/types\/page"}],"author":[{"embeddable":true,"href":"https:\/\/lescalamb.ovh\/index.php\/wp-json\/wp\/v2\/users\/3"}],"replies":[{"embeddable":true,"href":"https:\/\/lescalamb.ovh\/index.php\/wp-json\/wp\/v2\/comments?post=394"}],"version-history":[{"count":4,"href":"https:\/\/lescalamb.ovh\/index.php\/wp-json\/wp\/v2\/pages\/394\/revisions"}],"predecessor-version":[{"id":1748,"href":"https:\/\/lescalamb.ovh\/index.php\/wp-json\/wp\/v2\/pages\/394\/revisions\/1748"}],"up":[{"embeddable":true,"href":"https:\/\/lescalamb.ovh\/index.php\/wp-json\/wp\/v2\/pages\/388"}],"wp:attachment":[{"href":"https:\/\/lescalamb.ovh\/index.php\/wp-json\/wp\/v2\/media?parent=394"}],"wp:term":[{"taxonomy":"category","embeddable":true,"href":"https:\/\/lescalamb.ovh\/index.php\/wp-json\/wp\/v2\/categories?post=394"},{"taxonomy":"post_tag","embeddable":true,"href":"https:\/\/lescalamb.ovh\/index.php\/wp-json\/wp\/v2\/tags?post=394"}],"curies":[{"name":"wp","href":"https:\/\/api.w.org\/{rel}","templated":true}]}}