{"id":526,"date":"2024-01-17T21:00:41","date_gmt":"2024-01-17T20:00:41","guid":{"rendered":"https:\/\/lescalamb.ovh\/?page_id=526"},"modified":"2024-02-19T22:27:45","modified_gmt":"2024-02-19T21:27:45","slug":"recettes-navets","status":"publish","type":"page","link":"https:\/\/lescalamb.ovh\/index.php\/public\/produits\/recettes\/recettes-navets\/","title":{"rendered":"Recettes aux Navets"},"content":{"rendered":"\n<h2 class=\"wp-block-heading\">Plats v\u00e9g\u00e9tariens<\/h2>\n\n\n\n<p><sup>VG<\/sup> <a href=\"https:\/\/www.elle.fr\/Elle-a-Table\/Recettes-de-cuisine\/Boulgour-aux-abricots-secs-2155428\">Boulgour aux abricots secs<\/a> : <br><sup>AMAP<\/sup> Bouillon (de l\u00e9gumes) + Carottes + Courgettes + Navets + Oignons + Semoule<br><em>+ Abricots secs moelleux + Beurre<em> + Poivre<\/em> + Sauce Soja + Sel<\/em><\/p>\n\n\n\n<p><sup>VG<\/sup> <a href=\"https:\/\/chefcuisto.com\/recette\/frites-de-navet-croustillantes\/\">Frites de Navets croustillantes<\/a> : <br><sup>AMAP<\/sup> Ail + Huile d&#8217;Olive + Navets<br><em>+ Oignons en poudre + Paprika + Poivre + Sel<\/em><\/p>\n\n\n\n<p><sup>VG<\/sup> <a href=\"https:\/\/www.elle.fr\/Elle-a-Table\/Recettes-de-cuisine\/Navets-au-miel-et-aux-epices-2028304\">Navets au <strong>Miel<\/strong> et aux \u00e9pices<\/a> : <br><sup>AMAP<\/sup> Ail + Huile d&#8217;Olive + Miel + Navets + Vinaigre<br><em>+ Curcuma + Coriandre fra\u00eeche + Gingembre + Poivre + Sel<\/em>  <\/p>\n\n\n\n<p><sup>VG<\/sup> <a href=\"https:\/\/vegebon.wordpress.com\/2014\/11\/30\/navet-maffe\/\">Navets maff\u00e9<\/a> : <br><sup>AMAP<\/sup> Coulis de Tomates + Huile d&#8217;Olive + Navets + Oignons + Piments<br>+ <em>Miso\/Bouillon + Poivre + Pur\u00e9e de Cacahu\u00e8tes + Sel<\/em><\/p>\n\n\n\n<p><sup>VG<\/sup> <a href=\"https:\/\/www.cuisineactuelle.fr\/recettes\/poelee-de-navets-pommes-de-terre-et-epinards-frais-204009\">Po\u00eal\u00e9e de Navets, <strong>Pommes de terre et Epinards<\/strong> frais :<\/a> <br><sup>AMAP<\/sup> Epinards + Navets + Oignons + Pommes de terre<br>+ <em>Beurre + Paprika<em> + Poivre<\/em> + Sel<\/em><\/p>\n\n\n\n<p><sup>VG<\/sup> <a href=\"https:\/\/fr.wikibooks.org\/wiki\/Livre_de_cuisine\/Pur%C3%A9e_de_navets\">Pur\u00e9e de Navets<\/a> : <br><sup>AMAP<\/sup>  Navets + Pommes de terre<br><em>+ Beurre + Cr\u00e8me \u00e9paisse + Lait + Sel<\/em><\/p>\n\n\n\n<p><sup>VG<\/sup> <a href=\"https:\/\/fr.wikibooks.org\/wiki\/Livre_de_cuisine\/Salade_au_navet\">Salade au Navet<\/a> : <br><sup>AMAP<\/sup>  Citron + Huile de tournesol + Navets + Pommes + Vinaigre<br><em>+ Graines de Courge + Sel<\/em><\/p>\n\n\n\n<p><sup>VG<\/sup> <a href=\"https:\/\/www.ptitchef.com\/recettes\/accompagnement\/saute-de-navets-aux-pommes-et-au-miel-fid-193970\">Saut\u00e9 de navets aux <strong>Pommes<\/strong> et au <strong>Miel<\/strong><\/a> : <br><sup>AMAP<\/sup> Citron + Huile de Tournesol + Miel + Navets + Noix + Oignons + Pommes<em> <\/em><\/p>\n\n\n\n<h2 class=\"wp-block-heading\">Plats avec viande<\/h2>\n\n\n\n<p><a href=\"https:\/\/fr.wikibooks.org\/wiki\/Livre_de_cuisine\/Couscous\">Couscous<\/a> : <br><sup>AMAP<\/sup> Agneau (collier) + Carottes + Coulis de Tomate + Courgettes + Huile d&#8217;Olive + Navets + Oignons + Pois chiche + Semoule<br><em>+ Raz el hanout<\/em><\/p>\n","protected":false},"excerpt":{"rendered":"<p>Plats v\u00e9g\u00e9tariens VG Boulgour aux abricots secs : AMAP Bouillon (de l\u00e9gumes) + Carottes + Courgettes + Navets + Oignons + Semoule+ Abricots secs moelleux + Beurre + Poivre + Sauce Soja + Sel VG Frites de Navets croustillantes : AMAP Ail + Huile d&#8217;Olive + Navets+ Oignons en poudre + Paprika + Poivre + &hellip; <a href=\"https:\/\/lescalamb.ovh\/index.php\/public\/produits\/recettes\/recettes-navets\/\" class=\"more-link\">Lire la suite de <span class=\"screen-reader-text\">Recettes aux Navets<\/span><\/a><\/p>\n","protected":false},"author":3,"featured_media":0,"parent":258,"menu_order":0,"comment_status":"closed","ping_status":"closed","template":"","meta":{"footnotes":""},"categories":[10],"tags":[9],"class_list":["post-526","page","type-page","status-publish","hentry","category-recettes-specifiques","tag-recettes"],"_links":{"self":[{"href":"https:\/\/lescalamb.ovh\/index.php\/wp-json\/wp\/v2\/pages\/526","targetHints":{"allow":["GET"]}}],"collection":[{"href":"https:\/\/lescalamb.ovh\/index.php\/wp-json\/wp\/v2\/pages"}],"about":[{"href":"https:\/\/lescalamb.ovh\/index.php\/wp-json\/wp\/v2\/types\/page"}],"author":[{"embeddable":true,"href":"https:\/\/lescalamb.ovh\/index.php\/wp-json\/wp\/v2\/users\/3"}],"replies":[{"embeddable":true,"href":"https:\/\/lescalamb.ovh\/index.php\/wp-json\/wp\/v2\/comments?post=526"}],"version-history":[{"count":22,"href":"https:\/\/lescalamb.ovh\/index.php\/wp-json\/wp\/v2\/pages\/526\/revisions"}],"predecessor-version":[{"id":2297,"href":"https:\/\/lescalamb.ovh\/index.php\/wp-json\/wp\/v2\/pages\/526\/revisions\/2297"}],"up":[{"embeddable":true,"href":"https:\/\/lescalamb.ovh\/index.php\/wp-json\/wp\/v2\/pages\/258"}],"wp:attachment":[{"href":"https:\/\/lescalamb.ovh\/index.php\/wp-json\/wp\/v2\/media?parent=526"}],"wp:term":[{"taxonomy":"category","embeddable":true,"href":"https:\/\/lescalamb.ovh\/index.php\/wp-json\/wp\/v2\/categories?post=526"},{"taxonomy":"post_tag","embeddable":true,"href":"https:\/\/lescalamb.ovh\/index.php\/wp-json\/wp\/v2\/tags?post=526"}],"curies":[{"name":"wp","href":"https:\/\/api.w.org\/{rel}","templated":true}]}}