{"id":847,"date":"2024-01-22T13:45:12","date_gmt":"2024-01-22T12:45:12","guid":{"rendered":"https:\/\/lescalamb.ovh\/?page_id=847"},"modified":"2024-02-18T21:57:04","modified_gmt":"2024-02-18T20:57:04","slug":"recettes-blettes","status":"publish","type":"page","link":"https:\/\/lescalamb.ovh\/index.php\/public\/produits\/recettes\/recettes-blettes\/","title":{"rendered":"Recettes aux Blettes"},"content":{"rendered":"\n<h2 class=\"wp-block-heading\">Plats v\u00e9g\u00e9tariens<\/h2>\n\n\n\n<p><sup>VG<\/sup> <a href=\"https:\/\/fr.wikibooks.org\/wiki\/Livre_de_cuisine\/Blettes_%C3%A0_la_voironnaise\">Blettes \u00e0 la voironnaise<\/a> : <br><sup>AMAP<\/sup> Blettes + Bouillon (de l\u00e9gumes) + Oeufs<br><em> + Beurre + Emmental + Poivre + Sel<\/em><\/p>\n\n\n\n<p><sup>VG<\/sup> <a href=\"https:\/\/cuisine.chez-la-marmotte.fr\/archives\/25688\">Dahl aux Blettes et <strong>Fenouils<\/strong><\/a> : <br><sup>AMAP<\/sup> Ail + Blettes + Fenouil + Huile d&#8217;Olive + Lentilles + Oignons rouges<br><em>+ Cannelle + Cumin + Curcuma + Curry + Poivre + Sel<\/em><\/p>\n\n\n\n<p><sup>VG<\/sup> <a href=\"https:\/\/www.adeline-cuisine.fr\/recettes\/veloute-de-blettes\/\" data-type=\"link\" data-id=\"https:\/\/www.adeline-cuisine.fr\/recettes\/veloute-de-blettes\/\">Velout\u00e9 aux Blettes<\/a> : <br><sup>AMAP<\/sup> Ail + Blettes + Bouillon (de l\u00e9gumes) + Huile d&#8217;Olive + Oignons + Pommes de terre<br><em>+ Cr\u00e8me \u00e9paisse + Poivre + Sel<\/em><\/p>\n\n\n\n<h2 class=\"wp-block-heading\">Plats avec viande<\/h2>\n\n\n\n<p><a href=\"https:\/\/www.kilometre-0.fr\/recettes\/clafoutis-aux-blettes\/\" data-type=\"link\" data-id=\"https:\/\/www.adeline-cuisine.fr\/recettes\/veloute-de-blettes\/\">Clafoutis aux Blettes<\/a> : <br><sup>AMAP<\/sup> Blettes + Oeufs<br><em>+ F\u00e9cule de Ma\u00efs + Lait + Lardons + Poivre + Sel<\/em><\/p>\n","protected":false},"excerpt":{"rendered":"<p>Plats v\u00e9g\u00e9tariens VG Blettes \u00e0 la voironnaise : AMAP Blettes + Bouillon (de l\u00e9gumes) + Oeufs + Beurre + Emmental + Poivre + Sel VG Dahl aux Blettes et Fenouils : AMAP Ail + Blettes + Fenouil + Huile d&#8217;Olive + Lentilles + Oignons rouges+ Cannelle + Cumin + Curcuma + Curry + Poivre + &hellip; <a href=\"https:\/\/lescalamb.ovh\/index.php\/public\/produits\/recettes\/recettes-blettes\/\" class=\"more-link\">Lire la suite de <span class=\"screen-reader-text\">Recettes aux Blettes<\/span><\/a><\/p>\n","protected":false},"author":3,"featured_media":0,"parent":258,"menu_order":0,"comment_status":"closed","ping_status":"closed","template":"","meta":{"footnotes":""},"categories":[10],"tags":[9],"class_list":["post-847","page","type-page","status-publish","hentry","category-recettes-specifiques","tag-recettes"],"_links":{"self":[{"href":"https:\/\/lescalamb.ovh\/index.php\/wp-json\/wp\/v2\/pages\/847","targetHints":{"allow":["GET"]}}],"collection":[{"href":"https:\/\/lescalamb.ovh\/index.php\/wp-json\/wp\/v2\/pages"}],"about":[{"href":"https:\/\/lescalamb.ovh\/index.php\/wp-json\/wp\/v2\/types\/page"}],"author":[{"embeddable":true,"href":"https:\/\/lescalamb.ovh\/index.php\/wp-json\/wp\/v2\/users\/3"}],"replies":[{"embeddable":true,"href":"https:\/\/lescalamb.ovh\/index.php\/wp-json\/wp\/v2\/comments?post=847"}],"version-history":[{"count":7,"href":"https:\/\/lescalamb.ovh\/index.php\/wp-json\/wp\/v2\/pages\/847\/revisions"}],"predecessor-version":[{"id":2058,"href":"https:\/\/lescalamb.ovh\/index.php\/wp-json\/wp\/v2\/pages\/847\/revisions\/2058"}],"up":[{"embeddable":true,"href":"https:\/\/lescalamb.ovh\/index.php\/wp-json\/wp\/v2\/pages\/258"}],"wp:attachment":[{"href":"https:\/\/lescalamb.ovh\/index.php\/wp-json\/wp\/v2\/media?parent=847"}],"wp:term":[{"taxonomy":"category","embeddable":true,"href":"https:\/\/lescalamb.ovh\/index.php\/wp-json\/wp\/v2\/categories?post=847"},{"taxonomy":"post_tag","embeddable":true,"href":"https:\/\/lescalamb.ovh\/index.php\/wp-json\/wp\/v2\/tags?post=847"}],"curies":[{"name":"wp","href":"https:\/\/api.w.org\/{rel}","templated":true}]}}

<h2 class="wp-block-heading">Plats végétariens</h2>



<p><sup>VG</sup> <a href="https://fr.wikibooks.org/wiki/Livre_de_cuisine/Blettes_%C3%A0_la_voironnaise">Blettes à la voironnaise</a> : <br><sup>AMAP</sup> Blettes + Bouillon (de légumes) + Oeufs<br><em> + Beurre + Emmental + Poivre + Sel</em></p>



<p><sup>VG</sup> <a href="https://cuisine.chez-la-marmotte.fr/archives/25688">Dahl aux Blettes et <strong>Fenouils</strong></a> : <br><sup>AMAP</sup> Ail + Blettes + Fenouil + Huile d&#8217;Olive + Lentilles + Oignons rouges<br><em>+ Cannelle + Cumin + Curcuma + Curry + Poivre + Sel</em></p>



<p><sup>VG</sup> <a href="https://www.adeline-cuisine.fr/recettes/veloute-de-blettes/" data-type="link" data-id="https://www.adeline-cuisine.fr/recettes/veloute-de-blettes/">Velouté aux Blettes</a> : <br><sup>AMAP</sup> Ail + Blettes + Bouillon (de légumes) + Huile d&#8217;Olive + Oignons + Pommes de terre<br><em>+ Crème épaisse + Poivre + Sel</em></p>



<h2 class="wp-block-heading">Plats avec viande</h2>



<p><a href="https://www.kilometre-0.fr/recettes/clafoutis-aux-blettes/" data-type="link" data-id="https://www.adeline-cuisine.fr/recettes/veloute-de-blettes/">Clafoutis aux Blettes</a> : <br><sup>AMAP</sup> Blettes + Oeufs<br><em>+ Fécule de Maïs + Lait + Lardons + Poivre + Sel</em></p>

<p>Plats végétariens VG Blettes à la voironnaise : AMAP Blettes + Bouillon (de légumes) + Oeufs + Beurre + Emmental + Poivre + Sel VG Dahl aux Blettes et Fenouils : AMAP Ail + Blettes + Fenouil + Huile d&#8217;Olive + Lentilles + Oignons rouges+ Cannelle + Cumin + Curcuma + Curry + Poivre + &hellip; <a href="https://lescalamb.ovh/index.php/public/produits/recettes/recettes-blettes/" class="more-link">Lire la suite de <span class="screen-reader-text">Recettes aux Blettes</span></a></p>
