{"id":951,"date":"2024-01-22T15:40:54","date_gmt":"2024-01-22T14:40:54","guid":{"rendered":"https:\/\/lescalamb.ovh\/?page_id=951"},"modified":"2024-02-19T21:36:32","modified_gmt":"2024-02-19T20:36:32","slug":"recettes-brocoli","status":"publish","type":"page","link":"https:\/\/lescalamb.ovh\/index.php\/public\/produits\/recettes\/recettes-brocoli\/","title":{"rendered":"Recettes au Brocoli"},"content":{"rendered":"\n<h2 class=\"wp-block-heading\">Plats<\/h2>\n\n\n\n<p><sup>VG<\/sup> <a href=\"https:\/\/jesuisuncuisinier.fr\/fr\/brocolis-sautes-aux-amandes\/\">Brocoli saut\u00e9 aux amandes<\/a> : <br><sup>AMAP<\/sup> Ail + Brocoli + Huile d&#8217;Olive<br><em>+ Amandes effil\u00e9es + Poivre + Sel<\/em><\/p>\n\n\n\n<p><sup>VG<\/sup> <a href=\"https:\/\/cuisine.journaldesfemmes.fr\/recette\/351250-puree-de-brocolis-au-parmesan\">Pur\u00e9e de Brocoli au parmesan<\/a> : <br><sup>AMAP<\/sup> Brocoli<br><em>+ Beurre + Cr\u00e8me \u00e9paisse + Parmesan<\/em><\/p>\n","protected":false},"excerpt":{"rendered":"<p>Plats VG Brocoli saut\u00e9 aux amandes : AMAP Ail + Brocoli + Huile d&#8217;Olive+ Amandes effil\u00e9es + Poivre + Sel VG Pur\u00e9e de Brocoli au parmesan : AMAP Brocoli+ Beurre + Cr\u00e8me \u00e9paisse + Parmesan<\/p>\n","protected":false},"author":3,"featured_media":0,"parent":258,"menu_order":0,"comment_status":"closed","ping_status":"closed","template":"","meta":{"footnotes":""},"categories":[10],"tags":[9],"class_list":["post-951","page","type-page","status-publish","hentry","category-recettes-specifiques","tag-recettes"],"_links":{"self":[{"href":"https:\/\/lescalamb.ovh\/index.php\/wp-json\/wp\/v2\/pages\/951","targetHints":{"allow":["GET"]}}],"collection":[{"href":"https:\/\/lescalamb.ovh\/index.php\/wp-json\/wp\/v2\/pages"}],"about":[{"href":"https:\/\/lescalamb.ovh\/index.php\/wp-json\/wp\/v2\/types\/page"}],"author":[{"embeddable":true,"href":"https:\/\/lescalamb.ovh\/index.php\/wp-json\/wp\/v2\/users\/3"}],"replies":[{"embeddable":true,"href":"https:\/\/lescalamb.ovh\/index.php\/wp-json\/wp\/v2\/comments?post=951"}],"version-history":[{"count":4,"href":"https:\/\/lescalamb.ovh\/index.php\/wp-json\/wp\/v2\/pages\/951\/revisions"}],"predecessor-version":[{"id":2031,"href":"https:\/\/lescalamb.ovh\/index.php\/wp-json\/wp\/v2\/pages\/951\/revisions\/2031"}],"up":[{"embeddable":true,"href":"https:\/\/lescalamb.ovh\/index.php\/wp-json\/wp\/v2\/pages\/258"}],"wp:attachment":[{"href":"https:\/\/lescalamb.ovh\/index.php\/wp-json\/wp\/v2\/media?parent=951"}],"wp:term":[{"taxonomy":"category","embeddable":true,"href":"https:\/\/lescalamb.ovh\/index.php\/wp-json\/wp\/v2\/categories?post=951"},{"taxonomy":"post_tag","embeddable":true,"href":"https:\/\/lescalamb.ovh\/index.php\/wp-json\/wp\/v2\/tags?post=951"}],"curies":[{"name":"wp","href":"https:\/\/api.w.org\/{rel}","templated":true}]}}